8391 is divided by 83819.
753
What is the remainder when 4941266637 is divided by 11?
10
What is the remainder when 314441 is divided by 26131?
869
Calculate the remainder when 4197257 is divided by 1203.
1193
Calculate the remainder when 277718 is divided by 276843.
875
What is the remainder when 7593 is divided by 6691?
902
Calculate the remainder when 451902 is divided by 2226.
24
What is the remainder when 52259681 is divided by 70?
61
Calculate the remainder when 108724 is divided by 12046.
310
What is the remainder when 2056762 is divided by 4840?
4602
What is the remainder when 160833 is divided by 361?
188
Calculate the remainder when 162231 is divided by 1843.
47
What is the remainder when 228495 is divided by 2737?
1324
What is the remainder when 35214982 is divided by 56?
54
Calculate the remainder when 6555647 is divided by 43.
39
What is the remainder when 1417327 is divided by 1417315?
12
What is the remainder when 2467233 is divided by 2400?
33
What is the remainder when 12025456 is divided by 2004237?
34
Calculate the remainder when 2053529 is divided by 342252.
17
What is the remainder when 1908489 is divided by 954242?
5
Calculate the remainder when 7935660 is divided by 151.
6
Calculate the remainder when 15870572 is divided by 24.
20
What is the remainder when 44624455 is divided by 12681?
16
Calculate the remainder when 161167783 is divided by 53722584.
31
What is the remainder when 1048253 is divided by 31?
19
What is the remainder when 23139980 is divided by 9?
8
Calculate the remainder when 1536197 is divided by 768095.
7
Calculate the remainder when 422571 is divided by 311.
233
Calculate the remainder when 1742864 is divided by 69714.
14
What is the remainder when 15333943 is divided by 291?
280
Calculate the remainder when 18981429 is divided by 9490710.
9
Calculate the remainder when 84618148 is divided by 43.
39
Calculate the remainder when 2023557 is divided by 168626.
45
Calculate the remainder when 242067 is divided by 582.
537
What is the remainder when 3510113 is divided by 2564?
2561
Calculate the remainder when 213759 is divided by 15244.
343
What is the remainder when 5074118 is divided by 305?
138
What is the remainder when 1262324 is divided by 1078?
1064
Calculate the remainder when 60366232 is divided by 5920.
5912
What is the remainder when 892341 is divided by 890993?
1348
Calculate the remainder when 38236623 is divided by 874.
871
Calculate the remainder when 11323479 is divided by 1617637.
20
Calculate the remainder when 356519 is divided by 71099.
1024
Calculate the remainder when 19888002 is divided by 21.
15
What is the remainder when 35667476 is divided by 12590?
6
Calculate the remainder when 28220 is divided by 1163.
308
What is the remainder when 712619 is divided by 4?
3
Calculate the remainder when 106123 is divided by 1691.
1281
What is the remainder when 3202492 is divided by 10?
2
Calculate the remainder when 2005881 is divided by 668525.
306
What is the remainder when 626635 is divided by 17?
15
What is the remainder when 2506589 is divided by 32?
29
Calculate the remainder when 11554353 is divided by 5207.
20
Calculate the remainder when 27545638 is divided by 6886407.
10
What is the remainder when 58435813 is divided by 11?
7
Calculate the remainder when 5292613 is divided by 732.
253
Calculate the remainder when 34303253 is divided by 1826.
17
Calculate the remainder when 66285251 is divided by 2940.
11
What is the remainder when 8562841 is divided by 114171?
16
What is the remainder when 2142049 is divided by 428402?
39
Calculate the remainder when 6129599 is divided by 55.
14
Calculate the remainder when 949814 is divided by 20648.
6
What is the remainder when 442583 is divided by 647?
35
What is the remainder when 50022 is divided by 2169?
135
What is the remainder when 76493 is divided by 12702?
281
Calculate the remainder when 1435836 is divided by 169.
12
What is the remainder when 4418458 is divided by 886?
862
What is the remainder when 153767 is divided by 21917?
348
What is the remainder when 7081523 is divided by 745?
298
Calculate the remainder when 12382187 is divided by 11.
4
Calculate the remainder when 835182 is divided by 417490.
202
What is the remainder when 8678218 is divided by 2892738?
4
Calculate the remainder when 12540 is divided by 2990.
580
What is the remainder when 84821354 is divided by 115?
114
Calculate the remainder when 170613985 is divided by 3803.
3799
Calculate the remainder when 796894 is divided by 12451.
30
What is the remainder when 584405 is divided by 531?
305
What is the remainder when 1410709 is divided by 203?
62
Calculate the remainder when 134982 is divided by 33593.
610
What is the remainder when 121653558 is divided by 40?
38
What is the remainder when 8957898 is divided by 4478944?
10
Calculate the remainder when 63700 is divided by 1577.
620
What is the remainder when 6588643 is divided by 1317719?
48
What is the remainder when 29176289 is divided by 4?
1
Calculate the remainder when 83391 is divided by 83193.
198
Calculate the remainder when 108760041 is divided by 749.
747
Calculate the remainder when 37070327 is divided by 7414065.
2
Calculate the remainder when 6857516 is divided by 1837.
1832
What is the remainder when 70929 is divided by 3577?
2966
What is the remainder when 29575841 is divided by 6?
5
What is the remainder when 1849815 is divided by 113?
5
Calculate the remainder when 13239757 is divided by 40.
37
What is the remainder when 20496793 is divided by 218?
215
Calculate the remainder when 12830161 is divided by 86.
79
What is the remainder when 3577419 is divided by 4259?
4118
What is the remainder when 3832 is divided by 3657?
175
What is the remainder when 3581 is divided by 2885?
696
What is the remainder when 219521 is divided by 301?
92
Calculate the remainder when 6620380 is divided by 333.
7
Calculate the remainder when 572626214 is divided by 305.
304
What is the remainder when 1573993 is divided by 114?
109
What is the remainder when 128141346 is divided by 25628267?
11
Calculate the remainder when 2753241 is divided by 688271.
157
What is the remainder when 216601 is divided by 30604?
2373
Calculate the remainder when 4164155 is divided by 263.
76
Calculate the remainder when 50986 is divided by 117.
91
Calculate the remainder when 47953 is divided by 677.
563
Calculate the remainder when 625571 is divided by 194.
115
What is the remainder when 204817 is divided by 102406?
5
What is the remainder when 42537 is divided by 10313?
1285
Calculate the remainder when 4679663 is divided by 512.
495
What is the remainder when 2324705 is divided by 1716?
1241
What is the remainder when 61604 is divided by 5018?
1388
What is the remainder when 63987 is divided by 187?
33
What is the remainder when 13822362 is divided by 2456?
2450
What is the remainder when 40842923 is divided by 464124?
11
What is the remainder when 4322087 is divided by 436?
19
What is the remainder when 34337 is divided by 4582?
2263
Calculate the remainder when 24626 is divided by 23153.
1473
Calculate the remainder when 23614856 is divided by 11807416.
24
What is the remainder when 1783393 is divided by 1480?
1473
Calculate the remainder when 139579 is divided by 3400.
179
What is the remainder when 250934 is divided by 533?
424
Calculate the remainder when 136400 is divided by 39.
17
What is the remainder when 2373520 is divided by 791143?
91
Calculate the remainder when 17338 is divided by 15608.
1730
What is the remainder when 11495469 is divided by 319318?
21
What is the remainder when 31657325 is divided by 3286?
1
Calculate the remainder when 207740 is divided by 41352.
980
What is the remainder when 25339512 is divided by 2332?
0
What is the remainder when 276122 is divided by 93?
5
What is the remainder when 61124702 is divided by 32?
30
Calculate the remainder when 1735805 is divided by 347117.
220
What is the remainder when 50690521 is divided by 22?
13
What is the remainder when 7787330 is divided by 2271?
71
Calculate the remainder when 6906464 is divided by 3453203.
58
What is the remainder when 13352350 is divided by 222539?
10
What is the remainder when 753237 is divided by 376544?
149
What is the remainder when 5455488 i